{"id":2,"date":"2015-01-08T19:48:35","date_gmt":"2015-01-08T19:48:35","guid":{"rendered":"http:\/\/mediapsy:8080\/?page_id=2"},"modified":"2021-10-03T15:32:36","modified_gmt":"2021-10-03T14:32:36","slug":"page-d-exemple","status":"publish","type":"page","link":"https:\/\/mediapsyazur.com\/","title":{"rendered":"L&rsquo;association"},"content":{"rendered":"<p style=\"text-align: justify;\"><strong>Objet de \u00a0l&rsquo;association :\u00a0<em><span style=\"color: #333399;\"><span style=\"color: #000000;\">proposer plusieurs fa\u00e7ons de comprendre\u00a0et\u00a0de traiter les d\u00e9sordres psychiques et psychosomatiques, par une approche multidisciplinaire, cr\u00e9ative et adapt\u00e9e au lien social actuel<\/span>.<\/span>\u00a0<\/em><\/strong><\/p>\n<h2><strong>Objectifs<\/strong><\/h2>\n<p><strong>Notre association Antiboise propose\u00a0 un espace ou tout adolescent et jeune adulte pourra r\u00e9fl\u00e9chir \u00e0 qui il est et \u00e0 la mani\u00e8re dont il souhaite prendre la responsabilit\u00e9 de sa vie.\u00a0<\/strong><\/p>\n<p><strong>Face \u00e0 la r\u00e9ticence de la demande d&rsquo;aide psychologique \u00e0 cette p\u00e9riode de la vie, notre association propose\u00a0 une approche originale , ludique, par le biais de m\u00e9diations innovantes et attrayantes pour le jeune.<\/strong><\/p>\n<p><strong>Diff\u00e9rents supports de m\u00e9diation sont mis\u00a0 pour faciliter la prise en charge des personnes concern\u00e9es\u00a0<\/strong><\/p>\n<ul>\n<li><span style=\"color: #0000ff;\"><strong>Psychoboxe<span style=\"color: #000000;\"> <span class=\"vchar u2000\">\u21d2<\/span> pour travailler les probl\u00e9matiques de violence subie ou agie.<\/span><\/strong><\/span><\/li>\n<li><strong><span style=\"color: #0000ff;\">M\u00e9diation animale<\/span><span class=\"vchar u2000\">\u21d2<\/span> pour <span style=\"color: #000000;\">permettre<\/span> la cr\u00e9ation d\u2019un nouveau type de lien \u00e0 autrui.<\/strong><\/li>\n<li><strong><span style=\"color: #0000ff;\">S\u00e9curit\u00e9 routi\u00e8re <\/span><span class=\"vchar u2000\">\u21d2<\/span> pour mieux comprendre son rapport \u00e0 la collectivit\u00e9.<\/strong><\/li>\n<\/ul>\n<p><strong>Notre association \u00e0 but th\u00e9rapeutique \u00a0accompagne les jeunes, leurs parents et \u00e9ducateurs, au travers d\u2019une approche interdisciplinaire et de m\u00e9diation, ayant pour objectif une prise en charge globale, non morcel\u00e9e de chacun. Notre action se situe tout autant sur un plan individuel que sur un travail de construction du lien social.<\/strong><\/p>\n","protected":false},"excerpt":{"rendered":"<p>Objet de \u00a0l&rsquo;association :\u00a0proposer plusieurs fa\u00e7ons de comprendre\u00a0et\u00a0de traiter les d\u00e9sordres psychiques et psychosomatiques, par une approche multidisciplinaire, cr\u00e9ative et adapt\u00e9e au lien social actuel.\u00a0 Objectifs Notre association Antiboise propose\u00a0 un espace ou tout adolescent et jeune adulte pourra r\u00e9fl\u00e9chir \u00e0 qui il est et \u00e0 la mani\u00e8re dont il souhaite prendre la responsabilit\u00e9 de [&hellip;]<\/p>\n","protected":false},"author":1,"featured_media":0,"parent":0,"menu_order":0,"comment_status":"closed","ping_status":"open","template":"","meta":{"footnotes":""},"class_list":["post-2","page","type-page","status-publish","hentry"],"jetpack_sharing_enabled":true,"_links":{"self":[{"href":"https:\/\/mediapsyazur.com\/index.php?rest_route=\/wp\/v2\/pages\/2","targetHints":{"allow":["GET"]}}],"collection":[{"href":"https:\/\/mediapsyazur.com\/index.php?rest_route=\/wp\/v2\/pages"}],"about":[{"href":"https:\/\/mediapsyazur.com\/index.php?rest_route=\/wp\/v2\/types\/page"}],"author":[{"embeddable":true,"href":"https:\/\/mediapsyazur.com\/index.php?rest_route=\/wp\/v2\/users\/1"}],"replies":[{"embeddable":true,"href":"https:\/\/mediapsyazur.com\/index.php?rest_route=%2Fwp%2Fv2%2Fcomments&post=2"}],"version-history":[{"count":55,"href":"https:\/\/mediapsyazur.com\/index.php?rest_route=\/wp\/v2\/pages\/2\/revisions"}],"predecessor-version":[{"id":6,"href":"https:\/\/mediapsyazur.com\/index.php?rest_route=\/wp\/v2\/pages\/2\/revisions\/6"}],"wp:attachment":[{"href":"https:\/\/mediapsyazur.com\/index.php?rest_route=%2Fwp%2Fv2%2Fmedia&parent=2"}],"curies":[{"name":"wp","href":"https:\/\/api.w.org\/{rel}","templated":true}]}}